ousands digit of 176183488?
8
What is the billions digit of 1067024539?
1
What is the units digit of 2404400096?
6
What is the millions digit of 142664771?
2
What is the hundred millions digit of 921563425?
9
What is the tens digit of 2396656647?
4
What is the hundred thousands digit of 28742331?
7
What is the millions digit of 2190531682?
0
What is the hundred millions digit of 1075854102?
0
What is the hundred millions digit of 1098294472?
0
What is the hundreds digit of 155798612?
6
What is the hundreds digit of 310347172?
1
What is the ten millions digit of 912871174?
1
What is the hundred millions digit of 4506648793?
5
What is the units digit of 1170181730?
0
What is the ten thousands digit of 230404965?
0
What is the hundred thousands digit of 17310715?
3
What is the ten thousands digit of 5305127312?
2
What is the ten thousands digit of 1182567180?
6
What is the thousands digit of 692931047?
1
What is the ten thousands digit of 36649939?
4
What is the hundred thousands digit of 20875378?
8
What is the thousands digit of 30636437?
6
What is the billions digit of 5362193347?
5
What is the hundred thousands digit of 84440679?
4
What is the hundred millions digit of 239260757?
2
What is the thousands digit of 37169528?
9
What is the ten thousands digit of 554538903?
3
What is the thousands digit of 3470300564?
0
What is the hundreds digit of 814150055?
0
What is the ten thousands digit of 119634399?
3
What is the ten millions digit of 1030532733?
3
What is the tens digit of 21587990?
9
What is the millions digit of 2079535194?
9
What is the ten millions digit of 610581361?
1
What is the ten millions digit of 21944102?
2
What is the units digit of 8266476535?
5
What is the thousands digit of 1488955?
8
What is the thousands digit of 61429089?
9
What is the millions digit of 209360512?
9
What is the millions digit of 86446277?
6
What is the hundred millions digit of 332312993?
3
What is the thousands digit of 77397412?
7
What is the billions digit of 5854784550?
5
What is the millions digit of 479944288?
9
What is the millions digit of 817389892?
7
What is the hundreds digit of 5727324716?
7
What is the millions digit of 126821770?
6
What is the units digit of 4822616?
6
What is the units digit of 620243901?
1
What is the ten thousands digit of 108893211?
9
What is the ten thousands digit of 71613517?
1
What is the millions digit of 88710434?
8
What is the thousands digit of 17611554?
1
What is the hundred thousands digit of 929308880?
3
What is the hundreds digit of 107677789?
7
What is the ten millions digit of 31253175?
3
What is the millions digit of 7842864797?
2
What is the ten millions digit of 42701728?
4
What is the hundreds digit of 249109628?
6
What is the billions digit of 1297758478?
1
What is the tens digit of 162565951?
5
What is the hundred thousands digit of 42536155?
5
What is the units digit of 163389497?
7
What is the ten thousands digit of 5364753478?
5
What is the tens digit of 40880134?
3
What is the tens digit of 1209985660?
6
What is the thousands digit of 448929582?
9
What is the tens digit of 36315377?
7
What is the ten millions digit of 566910692?
6
What is the tens digit of 2438921886?
8
What is the ten millions digit of 209276729?
0
What is the millions digit of 465382198?
5
What is the millions digit of 49116426?
9
What is the ten thousands digit of 121938108?
3
What is the hundred millions digit of 9154389552?
1
What is the hundred thousands digit of 26603838?
6
What is the units digit of 47460090?
0
What is the ten millions digit of 1780735600?
8
What is the thousands digit of 36761402?
1
What is the hundred thousands digit of 97876718?
8
What is the millions digit of 288117599?
8
What is the thousands digit of 54723553?
3
What is the thousands digit of 1117364496?
4
What is the hundred millions digit of 1169223500?
1
What is the hundred millions digit of 112569990?
1
What is the tens digit of 226257616?
1
What is the hundreds digit of 306056617?
6
What is the units digit of 185130320?
0
What is the ten thousands digit of 328795173?
9
What is the billions digit of 1391835938?
1
What is the ten millions digit of 305570859?
0
What is the hundreds digit of 47122957?
9
What is the billions digit of 2239688563?
2
What is the hundreds digit of 1160694680?
6
What is the ten thousands digit of 484380282?
8
What is the millions digit of 35945366?
5
What is the hundreds digit of 7274305479?
4
What is the hundreds digit of 394385031?
0
What is the ten millions digit of 270911299?
7
What is the hundreds digit of 1496308526?
5
What is the ten millions digit of 844337679?
4
What is the ten millions digit of 66735230?
6
What is the ten millions digit of 240442663?
4
What is the ten thousands digit of 42992418?
9
What is the tens digit of 11026249?
4
What is the ten thousands digit of 7349448488?
4
What is the billions digit of 7227928073?
7
What is the hundreds digit of 41756083?
0
What is the units digit of 10475254?
4
What is the millions digit of 123777150?
3
What is the thousands digit of 54560479?
0
What is the hundred thousands digit of 16703598?
7
What is the ten thousands digit of 268035325?
3
What is the thousands digit of 72953968?
3
What is the ten millions digit of 125962364?
2
What is the units digit of 78797413?
3
What is the millions digit of 2916417231?
6
What is the ten thousands digit of 618853251?
5
What is the ten millions digit of 5385511302?
8
What is the ten millions digit of 1011259245?
1
What is the thousands digit of 21416046?
6
What is the billions digit of 1976399287?
1
What is the thousands digit of 35815617?
5
What is the millions digit of 59851330?
9
What is the ten millions digit of 382865582?
8
What is the tens digit of 85292969?
6
What is the tens digit of 58603502?
0
What is the hundred thousands digit of 6064330889?
3
What is the ten millions digit of 41590446?
4
What is the thousands digit of 2588702884?
2
What is the hundreds digit of 672006101?
1
What is the units digit of 20348519?
9
What is the units digit of 1053208984?
4
What is the tens digit of 57952589?
8
What is the ten thousands digit of 62077742?
7
What is the ten millions digit of 55930905?
5
What is the ten thousands digit of 317028181?
2
What is the ten millions digit of 2636108626?
3
What is the hundred thousands digit of 50679397?
6
What is the units digit of 153940996?
6
What is the tens digit of 15111974?
7
What is the units digit of 5438048087?
7
What is the hundred millions digit of 6232421460?
2
What is the units digit of 372971335?
5
What is the ten thousands digit of 59539588?
3
What is the millions digit of 308088644?
8
What is the units digit of 402406987?
7
What is the hundred millions digit of 446593030?
4
What is the thousands digit of 946795870?
5
What is the units digit of 4765697331?
1
What is the millions digit of 23963386?
3
What is the tens digit of 125633003?
0
What is the millions digit of 930942258?
0
What is the hundred thousands digit of 308410272?
4
What is the units digit of 16473040?
0
What is the hundred thousands digit of 3468080277?
0
What is the thousands digit of 46279978?
9
What is the thousands digit of 44389421?
9
What is the units digit of 327638119?
9
What is the units digit of 796576646?
6
What is the ten thousands digit of 1278638100?
3
What is the hundreds digit of 163484660?
6
What is the hundred thousands digit of 34471206?
4
What is the thousands digit of 5010117221?
7
What is the ten millions digit of 2978049326?
7
What is the thousands digit of 58342796?
2
What is the thousands digit of 15979039?
9
What is the tens digit of 681641773?
7
What is the units digit of 88276253?
3
What is the hundred millions digit of 211017825?
2
What is the ten thousands digit of 10396663?
9
What is the hundred thousands digit of 26966759?
9
What is the ten thousands digit of 740929819?
2
What is the thousands digit of 44929264?
9
What is the hundred millions digit of 223481219?
2
What is the hundreds digit of 367686837?
8
What is the ten millions digit of 49204964?
4
What is the tens digit of 165856024?
2
What is the tens digit of 31540004?
0
What is the ten thousands digit of 1245055129?
5
What is the ten thousands digit of 11598838?
9
What is the millions digit of 57600645?
7
What is the hu